{"id":2617,"date":"2024-10-29T15:55:41","date_gmt":"2024-10-29T14:55:41","guid":{"rendered":"https:\/\/dtfparadies.de\/?post_type=product&#038;p=2617"},"modified":"2025-03-19T13:03:15","modified_gmt":"2025-03-19T12:03:15","slug":"sublimation-transfer-din-a4-210-x-297-mm","status":"publish","type":"product","link":"https:\/\/dtfparadies.de\/index.php\/product\/sublimation-transfer-din-a4-210-x-297-mm\/","title":{"rendered":"Sublimation Transfer &#8211; DIN A4 (210 x 297 mm)"},"content":{"rendered":"<div class=\"wpb-content-wrapper\"><p>[vc_row][vc_column][vc_column_text]<strong>Produktinformationen f\u00fcr Sublimationsdruck<\/strong><\/p>\n<p>Ideal geeignet f\u00fcr Materialien mit einem Polyesteranteil von mindestens 80% oder g\u00e4ngige Sublimationsartikel. Die spezifischen Presszeiten und Temperaturen kannst du der Parameterliste deines Lieferanten entnehmen.<\/p>\n<ul>\n<li><strong>Produktion ab 1 St\u00fcck<\/strong><\/li>\n<li><strong>Hochaufl\u00f6sender 4-Farbdruck (Digitaldruck)<\/strong><\/li>\n<li>Unterschiedliche Materialien erfordern angepasste Parameter<\/li>\n<li>Keine Sonderfarben wie Gold, Silber oder Neon m\u00f6glich<\/li>\n<li>Waschbar bis 90\u00b0C<\/li>\n<li>Erlaubte Dateiformate: PDF, PNG<\/li>\n<li>Kein Zuschnitt auf das DIN A4 Format<\/li>\n<li>Grafiken m\u00fcssen nicht gespiegelt werden \u2013 dies erfolgt automatisch durch den Drucker<\/li>\n<li>Druck erfolgt pr\u00e4zise nach den bereitgestellten Daten<\/li>\n<li>Nutze unseren Profi-Datencheck, um sicherzustellen, dass deine Datei druckfertig ist<\/li>\n<\/ul>\n<p>[\/vc_column_text][\/vc_column][\/vc_row]<\/p>\n<\/div>","protected":false},"excerpt":{"rendered":"<p>[vc_row][vc_column][vc_column_text]Produktinformationen f\u00fcr Sublimationsdruck Ideal geeignet f\u00fcr Materialien mit einem Polyesteranteil von mindestens 80% oder g\u00e4ngige Sublimationsartikel. Die spezifischen Presszeiten und Temperaturen kannst du der Parameterliste deines Lieferanten entnehmen. Produktion ab 1 St\u00fcck Hochaufl\u00f6sender 4-Farbdruck (Digitaldruck) Unterschiedliche Materialien erfordern angepasste Parameter Keine Sonderfarben wie Gold, Silber oder Neon m\u00f6glich Waschbar bis 90\u00b0C Erlaubte Dateiformate: PDF, PNG [&hellip;]<\/p>\n","protected":false},"featured_media":2554,"comment_status":"open","ping_status":"closed","template":"","meta":[],"product_cat":[131],"product_tag":[],"aioseo_notices":[],"tiered_pricing_type":"fixed","tiered_pricing_fixed_rules":{"5":"4.00","10":"3.80","25":"3.60","100":"3.40"},"tiered_pricing_percentage_rules":[],"tiered_pricing_minimum":1,"_administrator_tiered_pricing_type":"fixed","_administrator_tiered_pricing_fixed_rules":[],"_editor_tiered_pricing_type":"fixed","_editor_tiered_pricing_fixed_rules":[],"_author_tiered_pricing_type":"fixed","_author_tiered_pricing_fixed_rules":[],"_contributor_tiered_pricing_type":"fixed","_contributor_tiered_pricing_fixed_rules":[],"_subscriber_tiered_pricing_type":"fixed","_subscriber_tiered_pricing_fixed_rules":[],"_customer_tiered_pricing_type":"fixed","_customer_tiered_pricing_fixed_rules":[],"_shop_manager_tiered_pricing_type":"fixed","_shop_manager_tiered_pricing_fixed_rules":[],"_links":{"self":[{"href":"https:\/\/dtfparadies.de\/index.php\/wp-json\/wp\/v2\/product\/2617"}],"collection":[{"href":"https:\/\/dtfparadies.de\/index.php\/wp-json\/wp\/v2\/product"}],"about":[{"href":"https:\/\/dtfparadies.de\/index.php\/wp-json\/wp\/v2\/types\/product"}],"replies":[{"embeddable":true,"href":"https:\/\/dtfparadies.de\/index.php\/wp-json\/wp\/v2\/comments?post=2617"}],"wp:featuredmedia":[{"embeddable":true,"href":"https:\/\/dtfparadies.de\/index.php\/wp-json\/wp\/v2\/media\/2554"}],"wp:attachment":[{"href":"https:\/\/dtfparadies.de\/index.php\/wp-json\/wp\/v2\/media?parent=2617"}],"wp:term":[{"taxonomy":"product_cat","embeddable":true,"href":"https:\/\/dtfparadies.de\/index.php\/wp-json\/wp\/v2\/product_cat?post=2617"},{"taxonomy":"product_tag","embeddable":true,"href":"https:\/\/dtfparadies.de\/index.php\/wp-json\/wp\/v2\/product_tag?post=2617"}],"curies":[{"name":"wp","href":"https:\/\/api.w.org\/{rel}","templated":true}]}}