{"id":2471,"date":"2024-03-21T11:23:00","date_gmt":"2024-03-21T10:23:00","guid":{"rendered":"https:\/\/dtfparadies.de\/?post_type=product&#038;p=2471"},"modified":"2024-04-09T10:26:10","modified_gmt":"2024-04-09T08:26:10","slug":"dtf-transfer-meterware-560-x-1000-mm","status":"publish","type":"product","link":"https:\/\/dtfparadies.de\/index.php\/product\/dtf-transfer-meterware-560-x-1000-mm\/","title":{"rendered":"DTF-Transfer &#8211; METERWARE 560x1000mm"},"content":{"rendered":"<div class=\"wpb-content-wrapper\"><p>[vc_row][vc_column][vc_column_text]<\/p>\n<h4>DTF Transfer &#8211; Laufmeter &#8211; ab 1 St\u00fcck<\/h4>\n<p><strong>Informationen zur Datei<\/strong><\/p>\n<ul>\n<li><strong>Formate:<\/strong> png &amp; pdf bis zu 56cm x 100cm (300DPI)<br \/>\nBitte mindestens 5mm vom Rand entfernt bleiben!<\/li>\n<li><strong>Datei nicht spiegeln<\/strong><\/li>\n<li><strong>Transparenter Hintergrund<\/strong> &#8211; Die Dateien werden so gedruckt, wie sie uns bereitgestellt werden. Wo wei\u00df ist, wird wei\u00df gedruckt.<\/li>\n<li>Wenn du unsicher bist, ob deine Datei druckfertig ist, kannst du unseren Profi-Datencheck buchen, um auf Nummer sicher zu gehen.<\/li>\n<li>Wir erstellen keine Druckb\u00f6gen. Daher bitten wir dich, nur fertig angelegte B\u00f6gen hochzuladen.<\/li>\n<\/ul>\n<p><strong>Verarbeitungshinweise<\/strong><\/p>\n<ul>\n<li><strong>Hot-Peel Folie:<\/strong> Hei\u00df abziehen, sofort nach dem Preis<\/li>\n<li><strong>Presszeit:<\/strong> 140\u00b0C f\u00fcr 10 Sekunden; 5 Sekunden Nachpressen<\/li>\n<li><strong>Hoher Druck mit Textiltransferpresse<\/strong><\/li>\n<\/ul>\n<p><strong>Waschanleitung<\/strong><\/p>\n<ul>\n<li>Bis zu 60\u00b0C ohne Weichsp\u00fcler<\/li>\n<li>Wir empfehlen 30\u00b0C ohne Weichsp\u00fcler f\u00fcr l\u00e4ngere Haltbarkeit<\/li>\n<li>Textil immer auf links drehen<\/li>\n<li>Nicht in den Trockner geben<\/li>\n<\/ul>\n<p><strong>Versand<\/strong><\/p>\n<ul>\n<li>Wir versenden innerhalb 48 Std<\/li>\n<\/ul>\n<p>[\/vc_column_text][\/vc_column][\/vc_row]<\/p>\n<\/div>","protected":false},"excerpt":{"rendered":"<p>[vc_row][vc_column][vc_column_text] DTF Transfer &#8211; Laufmeter &#8211; ab 1 St\u00fcck Informationen zur Datei Formate: png &amp; pdf bis zu 56cm x 100cm (300DPI) Bitte mindestens 5mm vom Rand entfernt bleiben! Datei nicht spiegeln Transparenter Hintergrund &#8211; Die Dateien werden so gedruckt, wie sie uns bereitgestellt werden. Wo wei\u00df ist, wird wei\u00df gedruckt. Wenn du unsicher bist, [&hellip;]<\/p>\n","protected":false},"featured_media":2554,"comment_status":"open","ping_status":"closed","template":"","meta":[],"product_cat":[129],"product_tag":[],"aioseo_notices":[],"tiered_pricing_type":"fixed","tiered_pricing_fixed_rules":{"5":"14.58","25":"14.28","50":"13.89","150":"13.59","500":"13.29"},"tiered_pricing_percentage_rules":[],"tiered_pricing_minimum":1,"_administrator_tiered_pricing_type":"fixed","_administrator_tiered_pricing_fixed_rules":[],"_editor_tiered_pricing_type":"fixed","_editor_tiered_pricing_fixed_rules":[],"_author_tiered_pricing_type":"fixed","_author_tiered_pricing_fixed_rules":[],"_contributor_tiered_pricing_type":"fixed","_contributor_tiered_pricing_fixed_rules":[],"_subscriber_tiered_pricing_type":"fixed","_subscriber_tiered_pricing_fixed_rules":[],"_customer_tiered_pricing_type":"fixed","_customer_tiered_pricing_fixed_rules":[],"_shop_manager_tiered_pricing_type":"fixed","_shop_manager_tiered_pricing_fixed_rules":[],"_links":{"self":[{"href":"https:\/\/dtfparadies.de\/index.php\/wp-json\/wp\/v2\/product\/2471"}],"collection":[{"href":"https:\/\/dtfparadies.de\/index.php\/wp-json\/wp\/v2\/product"}],"about":[{"href":"https:\/\/dtfparadies.de\/index.php\/wp-json\/wp\/v2\/types\/product"}],"replies":[{"embeddable":true,"href":"https:\/\/dtfparadies.de\/index.php\/wp-json\/wp\/v2\/comments?post=2471"}],"wp:featuredmedia":[{"embeddable":true,"href":"https:\/\/dtfparadies.de\/index.php\/wp-json\/wp\/v2\/media\/2554"}],"wp:attachment":[{"href":"https:\/\/dtfparadies.de\/index.php\/wp-json\/wp\/v2\/media?parent=2471"}],"wp:term":[{"taxonomy":"product_cat","embeddable":true,"href":"https:\/\/dtfparadies.de\/index.php\/wp-json\/wp\/v2\/product_cat?post=2471"},{"taxonomy":"product_tag","embeddable":true,"href":"https:\/\/dtfparadies.de\/index.php\/wp-json\/wp\/v2\/product_tag?post=2471"}],"curies":[{"name":"wp","href":"https:\/\/api.w.org\/{rel}","templated":true}]}}